 first derivative of -z**4/24 + z**3/6 - z**2/2 + 1. Let t(r) be the second derivative of p(r). What is t(u)?
-1
Suppose 2*p + 3*q = 2, -4*p + 2 = -q - 2. Let v be 0 + 1 + 5 + -1. Let l(x) = 1 - 4 + 4 + v*x. Give l(p).
6
Let h(d) = -2*d**2 - 4*d + 1. Let m be 4/14 - (-23)/(-7). Calculate h(m).
-5
Let d(u) = -u - 17. Let s be d(-14). Let l(m) = m - 3. Give l(s).
-6
Suppose -3*r + 4*w - 15 = -8*r, -4*r + 12 = 5*w. Let s(t) = -2*t - 4. Let x(u) = -2*u - 5. Let j(v) = r*s(v) - 2*x(v). Calculate j(-3).
4
Let u(o) = -o**2 + 4*o + 17. Let x be u(7). Let l(b) = b**2 - 2 - b - 5*b - 2*b**2. Determine l(x).
6
Suppose 4*a + 12 = 4*f, -39 = -4*f - 5*a + 9. Let k(g) be the first derivative of 1 - 7/2*g**2 + f*g + 1/3*g**3. Determine k(5).
-3
Let h(s) = -6*s**2 - 9*s + 1. Let g(p) = p**2 + 1. Let l(n) = -5*g(n) - h(n). Determine l(-9).
-6
Let t(p) be the first derivative of p**4/4 + 4*p**3/3 - 2*p**2 - 5*p + 6. What is t(-4)?
11
Let c(w) = -3*w - 9. Let o(n) = -4*n - 14. Let z(g) = -7*c(g) + 5*o(g). Let r be z(4). Let k(i) = 3*i + 1. Determine k(r).
-8
Let j(l) be the first derivative of -5/2*l**2 + 1 + l. Let h(f) = -f**3 + 3*f**2 - 2*f + 1. Let q be h(1). What is j(q)?
-4
Let b(f) = -f**3 + 9*f**2 - 8*f + 2. Suppose 0 = 2*l - 4*l + 16. What is b(l)?
2
Let y(j) = -j**3 - 4*j**2 + 4*j - 6. Let c be y(-5). Let d(a) = -a**2 - a + 1. Let l(s) = s**2 - s + 1. Let t(o) = c*d(o) - 2*l(o). Give t(4).
-7
Let k(t) be the first derivative of -5 - 3*t - 3*t**2 + 4/3*t**3 + 1/4*t**4. What is k(-5)?
2
Suppose -15 = -2*n - 5*p - 0*p, -4*p = -n + 1. Let x(l) be the first derivative of -l**2/2 + 7*l - 40. Determine x(n).
2
Let h(a) = -2*a - 14. Let f be (-70)/7 + (1 - -3). Give h(f).
-2
Suppose -5*o = -15 - 45. Suppose u + w + 8 = 4*u, 3*u + 3*w + o = 0. Let f(p) = -4*p + 1. Give f(u).
-3
Suppose 3*b = 0, -4*t = -3*t - 3*b - 2. Let c(i) = -5 + 6 + 2*i**2 - i**3 + i**t - 2*i. Let n be ((-48)/(-5))/4 - 3/(-5). What is c(n)?
-5
Let g = -19 + 23. Let n(m) be the first derivative of 1 + 0*m**3 - m - 5/4*m**g - 1/2*m**2. Calculate n(-1).
5
Let z(t) be the third derivative of -t**6/120 + t**4/24 - 5*t**3/6 - 4*t**2 - 3*t. Calculate z(0).
-5
Let u = 1 - 0. Let n(y) = y + 1. Let h(p) be the first derivative of 3*p**3 + 3*p**2 + 7*p + 4. Let o(q) = h(q) - 6*n(q). What is o(u)?
10
Let x(f) = -f - 3. Let q = 69 + -76. Determine x(q).
4
Let x be (-6 - -3) + 0 - -7. Let g(y) = -3 - x*y - 3 + 3*y + 1. Suppose -4 + 16 = -3*u. Calculate g(u).
-1
Let f(o) = o**2 + o - 3. Suppose -2 + 14 = -4*x. Determine f(x).
3
Let s = 0 - 2. Let h(n) = -n**3 - 2*n**2 - 2*n - 1. Let y be h(s). Let z(q) = 0*q**3 - 2*q**3 + 1 - q**y - 2*q**2 + q + 2*q**3. What is z(-3)?
7
Let y = -12 - -12. Let t(i) = -i**3 + i**2 - i + 1. What is t(y)?
1
Let n(m) be the first derivative of -1/360*m**6 + 1/24*m**4 + 0*m - 1 + 0*m**2 + m**3 + 0*m**5. Let f(g) be the third derivative of n(g). Determine f(3).
-8
Let w(y) = -y**2 + 3*y - 3. Suppose 0 = -7*v - 3 + 24. Calculate w(v).
-3
Let f(a) = 2*a - 7. Let l be f(5). Let j(k) = -4 + 3 + k - l - 1. What is j(6)?
1
Let v = -15 + 11. Let g be -8 + (-4)/(v/3). Let a(c) = c + 1. What is a(g)?
-4
Let p(u) = 11*u**3 + 23*u**2 + 15*u + 1. Let t(h) = -5*h**3 - 11*h**2 - 7*h. Let s(m) = -6*p(m) - 13*t(m). Suppose -2 = z + 2. Let a = z - -9. Calculate s(a).
-1
Let l(t) be the third derivative of t**5/20 + 3*t**2. Calculate l(2).
12
Let i(s) be the third derivative of s**6/120 - s**5/60 + s**4/24 + 12*s**2. Calculate i(0).
0
Let y(u) = u - 1. Let f(w) = 5*w - 5. Let a(g) = f(g) - 4*y(g). Let c be (-7 + 1)*(12 - 13). Give a(c).
5
Let i be (-3)/(-4)*24/9. Let p(x) be the first derivative of -1/3*x**3 - 3*x**2 + i - 5*x. Calculate p(-5).
0
Let w(t) = -t + 1. Let y be w(-2). Suppose 3*k = y - 0. Let g(n) = -3 - 2 - k - n. What is g(0)?
-6
Let m(c) be the second derivative of -c**5/20 + 7*c**4/12 - c**3/6 + 13*c. Give m(7).
-7
Let v(n) = -4*n**2 + 6. Let g = 1 + 4. Let l(a) = a**2 + g*a + 2*a**2 - 1 - 4*a - 4. Let o(w) = -5*l(w) - 4*v(w). What is o(6)?
7
Let v(j) = -2*j**2 + 4*j - 2. Let m(u) = 3*u. Let o be m(2). Suppose 0 = 4*c - 14 + o. What is v(c)?
-2
Let t(j) = -j - 4. Let b = 2 - 5. Let m = 0 - b. Calculate t(m).
-7
Let d(g) be the first derivative of 2*g**2 + g**2 + 1 - g + g**2 - 3*g**2. What is d(3)?
5
Let h = 0 + -2. Let v(m) = -m**2 + m. Let f be v(1). Let a(x) = -4*x - 2*x**2 + x + f*x**2. Determine a(h).
-2
Let v = 73 - 70. Let z(b) = 4*b - 3. Calculate z(v).
9
Let n(y) = -5*y + y + 5*y - 1. Give n(3).
2
Let d(w) be the third derivative of w**5/60 - 5*w**4/24 + 5*w**2. Determine d(5).
0
Let v(z) be the first derivative of z**2 + z - 6. Let r = -4 + 0. Calculate v(r).
-7
Let c(i) = -i**2. Let a(j) = -j**3 + 7*j**2 - 2*j. Let s(g) = a(g) + 3*c(g). Suppose 2*r + 18 = 2*p - 2*r, -9 = 2*p + 5*r. Determine s(p).
3
Let j(x) = -6*x**2 - 2*x**2 + 7*x**2 - 6*x + 2 + 0*x. Determine j(-6).
2
Let z(i) = -i**2 + 3*i - 2. Let t = 12 - 10. Determine z(t).
0
Let y(a) = -7 + 3*a**2 - 4*a**2 - 8*a + 0 + 1. Suppose 2*s = -8 - 4. Calculate y(s).
6
Let c(p) = 7*p**2 - p + 6. Let x(t) = t**2 - t. Let q(f) = c(f) - 6*x(f). Determine q(-5).
6
Let i(g) = -g**3 + g**2 + g - 4. Let k(l) = l**3 - 2*l + 5. Suppose 3*w = 1 + 14. Let z(f) = w*i(f) + 4*k(f). Give z(3).
9
Let h be (-6)/(-4)*1*-2. Let u(o) = -4*o**2 - 2*o + 2. Let x(a) = 5*a**2 + 3*a - 3. Let c(l) = 6*u(l) + 5*x(l). Determine c(h).
-3
Suppose x = -2*s - 0*x - 1, -10 = 5*s + x. Let a(w) be the first derivative of -1/3*w**3 - w**2 + 1 + 3*w. What is a(s)?
0
Let v = 5 - 0. Let j(t) = 1 + 3 - t + t**3 + v*t**2 - 2. Let f be -6 + 0 + (0 - -1). What is j(f)?
7
Let o(h) = 3*h - 9. Let z(f) = 5*f - 13. Let k(a) = 8*o(a) - 5*z(a). Give k(-5).
-2
Let o(y) = -4 + 0*y**3 - y**3 + 2*y + 5 - 3*y**2. Suppose -6 = -3*k + 18. Suppose k + 1 = -3*r. What is o(r)?
-5
Let n(m) = 2 - 4*m**2 + 8*m**2 - 3*m - 5*m**2. What is n(-4)?
-2
Let c(g) = -g + 8. Let i be c(7). Let q = i + 2. Suppose p + 6 = q. Let h(w) = -w**2 + w + 4. Determine h(p).
-8
Let t(q) be the second derivative of 6*q + 0 - 1/20*q**5 + 1/3*q**4 + 1/3*q**3 - 3*q**2. Calculate t(4).
2
Let q(g) = -g**2 - 9*g + 1. Suppose -2*s + 3*a - 19 = 0, -2*s - 3*a - 16 = 3*s. What is q(s)?
21
Let v(w) be the first derivative of w**4/4 - w**3 + 2*w**2 - 3*w + 1. Let q = -21 + 21. Suppose 4 = -y, 4*f + 0*y - 2*y - 16 = q. Calculate v(f).
1
Let a(f) = -f**2 - 11*f + 9. Let r(s) = -6*s**2 - 56*s + 46. Let v(g) = 11*a(g) - 2*r(g). Determine v(6).
-11
Let n(b) = -9*b**2 - 9*b + 2. Let k(d) = -8*d**2 - 8*d + 2. Let g(f) = 7*k(f) - 6*n(f). Calculate g(-3).
-10
Let v(l) be the first derivative of -1/3*l**3 - 4 - 7/2*l**2 - 5*l. What is v(-5)?
5
Let y(d) = 14*d - 6. Let z(a) = -7*a + 3. Let x(s) = -2*y(s) - 5*z(s). What is x(2)?
11
Let s(j) be the first derivative of -j**6/120 - 2*j**5/15 - 7*j**4/24 + 7*j**3/6 + 7*j**2/2 - 5. Let m(l) be the second derivative of s(l). What is m(-7)?
7
Let y(f) = -f**3 + f**2 - 1. Let l be (1*-1)/((-1)/5). Let d = -5 + l. What is y(d)?
-1
Let w(m) = 7*m**2 - m - 3. Let x = 0 + -3. Let r(l) = 8*l**2 - l - 4. Let d(o) = x*r(o) + 4*w(o). What is d(1)?
3
Suppose 5*w - 4 - 51 = 0. Let l = -9 + w. Let g(x) = -4*x + 3 - 1 - 2*x. Calculate g(l).
-10
Let h(p) be the first derivative of 3*p**2/2 - 3*p + 10. Suppose 4*j - 2 = 2. Let a(s) = 1. Let k(q) = j*h(q) - 2*a(q). Determine k(5).
10
Let u = 4 - -1. Let z(c) = -c**2 + c + c**2 + 2*c - c**2. Give z(u).
-10
Let m(u) = u + 1. Let z = -22 - -26. Suppose z*l = l + 4*i + 27, 0 = -5*l - 4*i + 13. What is m(l)?
6
Let l(h) be the second derivative of 1/720*h**6 - 1/12*h**5 + 1/4*h**4 + 0*h**3 + 0*h**2 + 2*h + 0. Let u(z) be the third derivative of l(z). Give u(5).
-5
Let m = -84 - -86. Let q(d) = -d**3 - 2*d**2 + 4*d - 2. Give q(m).
-10
Suppose -9 = -q - 7. Let v be (2 - -1)*(q - 4). Let o(w) = w + 0*w**2 - 5*w**2 + 7*w - w**3 + 8. Calculate o(v).
-4
Let r(j) be the third derivative of -j**3 + 0*j - 7*j**2 + 0 + 1/24*j**4. Give r(-5).
-11
Let g(p) = p**3 + 4*p**2 + 4*p + 3. Let c = -147 - -145. Determine g(c).
3
Let n(f) = -f**3 - 6*f**2 - 4*f + 5. Let a = 12 + -7. Suppose a*i = -38 - 7. Let j = -14 - i. What is n(j)?
0
Let f(h) = h**2 + 10*h + 12. Let s be f(-11). Suppose -s = 2*i - 7. Let d = i - -4. Let g(u) = u**2 + 4*u + 4. What is g(d)?
4
Suppose 